en y is divided by v?
14
Let z be (161/35 + -5)/((-1)/(-1185)). Let i = z - -483. Calculate the remainder when 98 is divided by i.
8
Suppose -3*k - 4*b = -299, -4*k - k + 479 = -3*b. Suppose -2*p - 2*w + 18 = 0, -p - 3 = 7*w - 8*w. Calculate the remainder when k is divided by p.
1
Let i(l) = -l**3 + l**2 + 2*l + 8. Let n be i(0). Suppose 3*b + n = 29. Calculate the remainder when (-64)/(-5)*(-5)/(-2) is divided by b.
4
Let p(a) = -a**3 + 61*a**2 - 56*a - 133. What is the remainder when 2455 is divided by p(60)?
101
Let p(a) = a**3 + 31*a**2 - 67*a - 220. Calculate the remainder when p(-22) is divided by 4.
2
Let n(d) = -d**3 - 7*d**2 - 9*d - 20. Let h be n(-6). What is the remainder when h*((-187)/2 - 5) is divided by 25?
22
Let c = 428 - 305. Suppose 78 = o - 4*k, 177 = -48*o + 52*o - k. What is the remainder when c is divided by o?
39
Suppose -45*z + 21842 = 22*z. Calculate the remainder when z is divided by 47.
44
What is the remainder when (5 + -31)*3375/(-54) is divided by 102?
95
Let y = 467 + -257. Suppose g = 0, -9*c - g + 12 = -6*c. Suppose -c*u = t + 4*t - y, 2*u = 0. What is the remainder when 167 is divided by t?
41
Calculate the remainder when 185 is divided by 22 + -28 + (2 - -15).
9
Calculate the remainder when (-10932)/9*(-2)/((-2)/(-3)) + -5 is divided by 135.
129
Suppose 27*d = 24*d + 348. Suppose 0 = 2*a + 5*q - 39, -5*q - 56 = -2*a + 33. What is the remainder when d is divided by a?
20
Suppose 91*o - 25647 - 50015 = -12508. What is the remainder when o is divided by 31?
12
Suppose -3*o + 29317 = 5*f, 4*f - 3*o - 19046 - 4386 = 0. Calculate the remainder when f is divided by 15.
11
Let q = -305 - -358. Calculate the remainder when 342 is divided by q.
24
Suppose 5*f + 2*f = 196. Let v be (f/12)/((-1)/3). What is the remainder when 58 is divided by (10/v)/((-4)/28)?
8
Let j(k) = -16*k**3 - 2*k**2 + 9*k - 9. Let u be j(3). Calculate the remainder when 4 is divided by (-3)/((-9)/(-4))*u/192.
1
Let c = -2923 + 3782. Calculate the remainder when c is divided by 21.
19
Suppose 0 = -4*c + 667 - 43. Suppose -56*n - c = -60*n. Suppose -38*m - 37 = -n*m. Calculate the remainder when 71 is divided by m.
34
Suppose 2*p + 1520 = 2*j, -3802 = -5*j + 89*p - 86*p. What is the remainder when j is divided by 194?
179
Suppose 15*x - 24 = 6. Let z(u) be the third derivative of u**4/4 - 2*u**3/3 + 3*u**2. What is the remainder when 23 is divided by z(x)?
7
Suppose -150*j = -155*j - 4 + 369. Calculate the remainder when 225 is divided by j.
6
What is the remainder when 51 is divided by ((-203)/21 + 9)*-39?
25
Suppose 2593*m = 2582*m + 1111. Calculate the remainder when 500 is divided by m.
96
Suppose -4268 = -5*j + 3*s, 0 = 2*s - 50 + 62. Calculate the remainder when j is divided by 16.
2
Suppose -12*y = 73404 - 75240. Calculate the remainder when 450 is divided by y.
144
Suppose -18 = 9*h - 18*h. Suppose 0 = h*m + 4*l - 16, l = m + 3*m - 41. Calculate the remainder when 227 is divided by m.
7
Suppose -4*c = 4*d - 228, 5*d + 3*c - 281 = -0*c. Suppose 26*x - d - 621 = 0. What is the remainder when 125 is divided by x?
21
Suppose -59*s + 16 = -55*s. Suppose -4*k = -22 - 6. Calculate the remainder when (4 + s/2)/((-66)/(-110)) is divided by k.
3
Let o be ((-20)/4 - -5) + 12/4. Suppose -8 = -5*j - o, 0 = -3*l - 4*j + 355. Suppose 48 = 5*i - i. What is the remainder when l is divided by i?
9
Let i(k) = -2*k + 5. Let f be i(4). Let r = -15685 + 15705. What is the remainder when (-38)/(f/2 + 1) is divided by r?
16
Suppose -3*w + x + 3 = -w, 25 = 5*x. Calculate the remainder when 17 is divided by 7/w + (-7)/(-28).
1
Calculate the remainder when 703 is divided by (-1818848)/(-5198) - (-2)/23.
3
Let d be 64 + -64 - -1*17*5. Suppose -68 = 83*y - d*y. What is the remainder when 128 is divided by y?
26
Let g(l) = 71*l + 15. Let o be g(7). Let m = -354 + o. Calculate the remainder when m is divided by 28 + (9 - (0 - -5)).
30
Let i(o) = o**3 + o**2 - o + 111. Let l(a) = -a - 5. Let u be l(-5). Let c = 8725 + -8711. Calculate the remainder when i(u) is divided by c.
13
Suppose q = 1 - 6, -r + 3*q = -21. Let c be -1*r*(27/(-6))/9. Suppose 3*n + 78 = 5*h - 27, 2*h - 21 = -c*n. Calculate the remainder when 28 is divided by h.
10
Let f = 21988 + -21883. What is the remainder when 1890 is divided by f?
0
Let x be (-2)/(1/(1 - -151)). Let o = 387 + x. What is the remainder when o is divided by 21?
20
Let o(i) = -5*i - 18. Let f be o(-5). Let a = 9 - f. Suppose 30 = -a*l + 4*l. What is the remainder when 26 is divided by l?
11
Suppose 4*k - 5*w + 1 = 0, -3*k - 3 = -5*k - w. Let s be 218*(-1)/(k/3). Calculate the remainder when (3 - 2)*s/(-6) is divided by 28.
25
Suppose 147*h = 142*h + 15. Suppose 60 = -0*w + 3*w + h*a, -w - 5*a = -8. Calculate the remainder when w is divided by 10*((-2)/10 - (-7)/10).
3
Let x = -5851 - -6057. Calculate the remainder when x is divided by 109.
97
Suppose 3*d - 9 = 0, -k + 2214 = -0*d + 4*d. Calculate the remainder when k is divided by 76.
74
Suppose -5*k = 3*w - 100, 5*w = 22 - 47. Suppose 9*i = -0*i + 369. Calculate the remainder when i is divided by k.
18
Suppose -4*f + 8*f - 4 = 0. Let k = f + 3. Suppose -t - 4*t + 77 = 2*i, k*t - 64 = -i. What is the remainder when 65 is divided by t?
14
Let z(s) = s**3 + 2 + 0 - 51*s - 52*s + 18*s**2 + 116*s. Let o(w) = w**2 + w. Let j(y) = 5*o(y) - z(y). Calculate the remainder when j(-13) is divided by 35.
32
Let x = -7197 - -7447. Suppose 2*v - 3*v = k - 88, 4*k - 3*v = 324. Calculate the remainder when x is divided by k.
82
Let m(j) = 30*j**2 - 4*j + 2. Let s be m(1). What is the remainder when 174 is divided by (-446)/(-10) - s/(-70)?
39
Suppose 594*o = 606*o + 48. What is the remainder when -1*(o/((-20)/25) - 73) is divided by 9?
5
Let q = 24 + -39. Let g be q/2*(-56)/70. What is the remainder when 31 is divided by g + (-4 + 5)/(1/1)?
3
Suppose -3 = 3*l - 12, -2*v - 4*l + 42 = 0. Let q be (2 + (-2 - -1))/((-24)/8664). Let t = -335 - q. Calculate the remainder when t is divided by v.
11
Calculate the remainder when 4753 is divided by 3/(34/((-1768)/(-12))).
8
Let u be 0/1 - 47/2*-4. Suppose -207 = -5*p + 2*g, -16*p + 18*p + 2*g = u. What is the remainder when p is divided by 2?
1
Suppose 11*k = 8*k + 3*n + 165, 0 = 3*n + 15. Calculate the remainder when 1195 is divided by k.
45
Suppose 481 + 261 = 7*h. Suppose 0 = -h*s + 102*s + 376. What is the remainder when s is divided by 25?
19
Let b(q) = -q + 4 + 2 + 6*q + 4. Let h be 186/24 + 10/8. What is the remainder when b(h) is divided by 8?
7
Let t(m) = 94*m + 4721. What is the remainder when t(9) is divided by 29?
28
Let r(d) = d**2 - 9*d + 22. Suppose -4*v + 1 = -11. Calculate the remainder when 52 is divided by r(v).
0
Let t(u) = 13*u + 9. Let v be t(-4). Let c = 64 + v. Suppose 4*g - 23 = c. What is the remainder when 19 is divided by g?
8
Let c be (-162)/(-10) + 7/(-35). What is the remainder when 101 is divided by -4 - c/(-4) - -37?
27
Suppose 0 = 5*t + 2*y - 89, -3*y + 20 = 7*t - 105. What is the remainder when 7054 is divided by t?
16
Let g(y) = 3*y**3 + 26*y**2 + 9*y + 2. Let u be g(-8). Suppose -u*q + 6*q + 416 = 0. What is the remainder when 122 is divided by q?
2
Let a = 667 + -1010. Let y = 476 + a. Calculate the remainder when y is divided by 14.
7
Suppose 2*q + 187 + 170 = -3*u, q - u + 166 = 0. Let k = 195 + q. Calculate the remainder when 406 is divided by k.
22
Calculate the remainder when 369 is divided by (-66)/(-3) - (1 + 9 + -6).
9
Let a(l) = 7*l**2 - 595*l + 12075. Calculate the remainder when a(20) is divided by 157.
149
Let t(k) = -47*k**3 - 2*k**2 + 4*k + 3. Let y be 45/(-39) + 24/156. Calculate the remainder when 95 is divided by t(y).
7
Let h = 39183 + -39134. Calculate the remainder when 2398 is divided by h.
46
Let t = -11553 + 11649. What is the remainder when 1143 is divided by t?
87
Let v(i) = -i**3 + 18*i**2 + 2*i - 22. Suppose x + 1 = 2*t + 6*x, 0 = 4*t + 4*x + 16. Calculate the remainder when (1/(-4))/(t/700) is divided by v(18).
11
Calculate the remainder when (-265)/(-2)*(-12)/(-390)*13 - -5 is divided by 26.
6
Let r = 32725 + -32722. Let o(c) = c + 3. Let g(m) = m**2 + 5*m + 6. Let z be g(-5). What is the remainder when o(z) is divided by r?
0
Let v be 8/(-10)*-1*(-30)/(-12). What is the remainder when 1